en 83 is divided by x.
27
Calculate the remainder when 251 is divided by 63 + 2/(-2 + 2 + 1).
56
Let h(c) = 21*c**2 - 16*c - 4. Calculate the remainder when 91 is divided by h(2).
43
Suppose q - 14 = -s, -5*s = q - 6*q + 30. Let l(b) = b**3 + 6*b**2 + 3. Let d be l(-6). Suppose -2 = -d*o + 10. What is the remainder when q is divided by o?
2
Let y = 23 + -24. Calculate the remainder when 14 is divided by (0 - y) + (-40)/(-5).
5
Suppose -36 = -8*f + 172. What is the remainder when 102 is divided by f?
24
Suppose -123 = -a - 4*g, -2*g - 6 = -4*g. Suppose -2*s = -5*s + a. What is the remainder when s is divided by 20?
17
Let o = -25 + 87. Let x(w) = 7*w + 96. Let c be x(0). Suppose 8*m = 2*m + c. What is the remainder when o is divided by m?
14
Let k(s) = -6*s**3 - s - 2. Let b be k(-1). Suppose -b*j + 6*d = 2*d - 85, 4*j = 5*d + 68. Calculate the remainder when 49 is divided by j.
15
Let x be (178/(-14) - (-18)/(-63))/1. Let m(s) = -5*s - 36. What is the remainder when m(x) is divided by 16?
13
Let v(d) = 518*d + 5 + 4*d**2 + 3*d**2 + 7*d**2 - 521*d. Suppose -4 = -4*p + 4. What is the remainder when v(p) is divided by 19?
17
Suppose 5*s + 16 = 2*n, 19 = n - 0*n + 3*s. Suppose n*a - 6*a = 329. What is the remainder when a is divided by 12?
11
Suppose -5*b = -5*q - 585, 6*b = 2*b - 4*q + 500. What is the remainder when b is divided by 31?
28
Let z = -26 + 29. Suppose z*i = -i. What is the remainder when 9 + i/(-2 + -1) is divided by 3?
0
Suppose 0 = p + 4*p + 15. Let o be (-1)/p*3*-15. What is the remainder when 32 is divided by -1 + -3 + 0 - o?
10
Suppose -50*g + 10 = -40*g. What is the remainder when 1 is divided by g?
0
Suppose 5*w = 2*w + 9. Let t be w*3/3 - -1. Suppose -21 = -d - 2*f, t*d + 3*f - 32 = 42. What is the remainder when d is divided by 5?
2
Let p(b) = 4*b - 13. Let y be p(4). Suppose y*w + 2*w + 25 = 0, 11 = 3*q + 5*w. What is the remainder when 44 is divided by q?
8
Suppose 10*o + 183 = 3563. What is the remainder when o is divided by 19?
15
Let s = 1295 + -921. What is the remainder when s is divided by 47?
45
Let o = -118 + 234. Let r = o - 93. Calculate the remainder when 89 is divided by r.
20
Suppose -30 - 35 = -i. Suppose -6*p + i = -37. What is the remainder when 28 is divided by p?
11
Suppose 20*v - 12 = 16*v. What is the remainder when 8 is divided by v?
2
Suppose 4*o - 6 = -3*b, 3*b - 5*o = -1 + 7. Calculate the remainder when b is divided by (-2)/12 + 169/78.
0
Let n(d) = 2*d**2 + 16*d - 7. Let p be n(-13). Let g = -84 + p. What is the remainder when 76 is divided by g?
37
Let u = 221 + -151. Suppose 6*f - f - u = 0. Calculate the remainder when 138 is divided by f.
12
Suppose -4*m + 0*m = -68. Calculate the remainder when (-6 - 175/(-28))*-12 + 86 is divided by m.
15
Let g = 166 - 142. Suppose 18*d + 475 = 23*d. What is the remainder when d is divided by g?
23
Let r(g) = 7*g**2 - g + 2. Suppose 0 = 7*u - 2*u - 20. Suppose 339 = 2*t + 2*t - 5*h, u*t - h - 327 = 0. What is the remainder when t is divided by r(2)?
25
Let g = -41 - -59. Suppose -11 = 5*f - 66. What is the remainder when g is divided by f?
7
Let q be 0*3*(-2)/18. Suppose q = -6*p + 205 - 31. Calculate the remainder when 108 is divided by p.
21
Let y be ((-8)/2)/(-4) - -3. Suppose 2*a - 39 = -2*a + i, -2*i = -y*a + 38. Calculate the remainder when 22 is divided by (-5)/(75/(-9))*a.
4
Let k = -9 - -42. Suppose -2*i = 34 - 130. Let z = i - 31. What is the remainder when k is divided by z?
16
Let g = 33 - 54. Let f(u) = 64*u**2 - 2*u + 1. What is the remainder when f(1) is divided by 2/((g/24)/(-7))?
15
Let j be -1 + 1 - 2100/(-14). Let t = j - 100. Calculate the remainder when 247 is divided by t.
47
Suppose -54 = 2*s - 0*s. Suppose 199 - 655 = 24*y. Let x = y - s. What is the remainder when 13 is divided by x?
5
Suppose -6 - 4 = 4*a - 2*d, 5*d = a + 25. Suppose -5*w + 0 + 115 = a. Let b = w - 19. Calculate the remainder when 6 is divided by b.
2
Let f(l) = 12*l - 285. Calculate the remainder when 144 is divided by f(26).
9
Suppose -25*n = -2977 - 3548. Suppose -44 = l - 2*l. What is the remainder when n is divided by l?
41
Let r = 18 + -15. Suppose -2*w - r = -5*w. Suppose -4*s + 2*p - w = -p, -3*p = -3*s - 3. What is the remainder when 3 is divided by s?
1
Let b(d) = d**2 - 6*d - 20. Calculate the remainder when b(-8) is divided by 32.
28
Suppose 10*n = -0*n + 1080. Let q = -98 + n. Calculate the remainder when 49 is divided by q.
9
Let t(s) = 122*s**3 - 3*s**2. Calculate the remainder when t(1) is divided by 5.
4
Let x(h) = 0*h**2 - 9*h + 5 + 6 + h**2 + 1. Let k be x(8). Suppose -117 = -k*f + f - 3*q, -4*q = f - 30. Calculate the remainder when f is divided by 11.
9
Let j(v) = -18*v - 6. Let d be j(-2). Let g = -28 + d. Calculate the remainder when 2/6 - (-14)/3 is divided by g.
1
Let s(v) = v**3 - 5*v**2 + 2*v - 3. Let j be s(4). Let z(y) = -y**2 - 10*y + 8. Let r be z(j). Calculate the remainder when -20*(9/r)/3 is divided by 11.
9
Let n = 641 - 358. What is the remainder when n is divided by 42?
31
Let g = -62 - -65. Suppose -3*t - 2*y = -167, 104 = g*t + 5*y - 75. What is the remainder when t is divided by 8?
5
Calculate the remainder when 63 is divided by -7 + (-3 - -8) - -15.
11
Let b = -789 + 807. Calculate the remainder when 197 is divided by b.
17
Let y = 2896 - 2885. Suppose 5*d = 25, -42 = -4*c + c + 3*d. What is the remainder when c is divided by y?
8
Let y = 63 - 26. Let u be 5 + (-1)/(-1)*(2 + -4). Suppose u*o = 29 + 10. What is the remainder when y is divided by o?
11
Let p = 463 - 312. What is the remainder when p is divided by 14?
11
Suppose f = 5*k + 68, 4*k + 181 = -3*f + 442. Calculate the remainder when f is divided by 28.
27
Suppose 2*v - 6 = -0*v. Suppose v*b = 5*g + 76, 8*g + 54 = 2*b + 3*g. Calculate the remainder when 64 is divided by b.
20
Suppose -2*p = 2*w + 34, 5*p - 2*w + 3*w + 89 = 0. Let s be p*(-2)/12*2. Calculate the remainder when 27 is divided by s/8 + 175/28.
6
Let r = 55 - 21. Let x = -18 + r. Suppose -4*d = -5*l - 205, 5*l + 210 = 3*d + 50. Calculate the remainder when d is divided by x.
13
Let r(x) = -x**2 - 4*x - 1. Let k be r(-3). Suppose -4 - k = -o. Suppose 5*f + 0 = -3*n + 14, 0 = 2*f + n - o. What is the remainder when f is divided by 2?
0
Suppose 0 = -59*w + 3275 + 1740. Suppose 5*q - 2*t - 95 = 3*t, t = -4. What is the remainder when w is divided by q?
10
Let n = -21 - -36. Suppose n + 13 = 4*s. What is the remainder when s is divided by 2?
1
Calculate the remainder when (-4642)/(-10) + -1 - 169/845 is divided by 52.
47
Suppose 7*c = 4*q - q + 172, -3*c + 3*q + 72 = 0. What is the remainder when 314 is divided by c?
14
Let q = -11 + 60. Calculate the remainder when q is divided by 18.
13
Let w(l) = -2*l**2 + l + 19. What is the remainder when w(0) is divided by 4?
3
What is the remainder when (660/(-200))/(-11) - (-8274)/20 is divided by 7?
1
Suppose 4*b = -4*w + 2884, -2*w + 2123 = w - 5*b. Calculate the remainder when w is divided by 80.
76
Calculate the remainder when 2*(41 - (-3)/(5 + 1)) is divided by 44.
39
Suppose -3*b + 5217 = 44*b. Calculate the remainder when b is divided by 14.
13
Suppose -4*m = -3*m - 94. Let c(z) = -z**3 - 9*z**2 - 3*z - 11. Calculate the remainder when m is divided by c(-9).
14
Let r be 7/2 - 2/(-4). Suppose -x + 0*x - 4*v = -49, -3*x - r*v + 139 = 0. What is the remainder when x is divided by 16?
13
Suppose 270 = -272*o + 282*o. What is the remainder when ((-9)/(-6))/(3/212) is divided by o?
25
Let w(g) = 3*g**3 + 16*g**2 - 4*g - 29. What is the remainder when w(-4) is divided by 8?
3
Let w = -49 + 40. What is the remainder when 59 is divided by 3/(-3) - 189/w?
19
Let c be 12/4 + (-1)/1. Let r(x) = 7*x. What is the remainder when r(c) is divided by (-1 + (-33)/(-15))*100/30?
2
Suppose -5*l - 7 + 87 = 0. Calculate the remainder when 423/7 + 105/(-245) is divided by l.
12
Let a(o) = -2*o + 43. Let f be a(19). Suppose -f*j + 327 = -273. Calculate the remainder when j is divided by 41.
38
Let z(l) = l**2 - 5*l - 13. Let d be z(8). Suppose -q - d = -2*q. Calculate the remainder when 42 is divided by q.
9
Suppose 139 = 5*b - 371. Suppose 4*p + 5*l - 83 = 0, -5*p + 5*l - 32 = -b. Calculate the remainder when p is divided by 4.
1
Suppose -q - 3*d = -4*q + 201, 0 = -q - 5*d + 49. S